176 + 296. What is the greatest common divisor of o and h?
15
Suppose -5*o + r = -2*r - 32, 3*r - 38 = -5*o. What is the highest common factor of 77 and o?
7
Suppose 0 = q - 2, 2*q + 2 = 3*a - 6. Suppose f + 58 = 4*f - 4*y, a*y = 4*f - 72. What is the greatest common factor of 21 and f?
7
Let b be (-1 - -3)/6 + 188/12. Let y be (15/5)/(6/256). What is the highest common divisor of b and y?
16
Let v(r) = -45*r**3 - 3*r**2 - r - 2. Let g be v(-2). Suppose g - 51 = 3*a. Let o = 37 + -26. Calculate the highest common factor of a and o.
11
Suppose 8*o - o - 1232 = 0. What is the greatest common divisor of 22 and o?
22
Let n = -3 + 7. Suppose -4*j = -n*s - 72, -5*j + 78 + 0 = s. What is the greatest common divisor of j and 128?
16
Let p be 3/2*(0 - (-32)/3). What is the highest common factor of 176 and p?
16
Suppose 2*h - 3*l - 69 = -h, -5*h + 109 = -3*l. Let p = 142 - 132. Calculate the highest common factor of h and p.
10
Let j be 62/(-5) + (-8)/(-20). Let i be ((-2)/4)/(3/j). Let s be i/(-10) - 181/(-5). Calculate the highest common factor of 90 and s.
18
Let w = 41 - 25. Let a = 20 + -9. Let y = w - a. What is the greatest common factor of 45 and y?
5
Suppose h = 5*s - 676, -3*s = 5*h - 400 - 0. Calculate the greatest common divisor of 27 and s.
27
Let g(s) = s**3 - 6*s**2 - 5*s - 2. Suppose -16 = -4*y - 4*f - 0*f, -44 = -5*y + 3*f. Let r be g(y). Calculate the highest common divisor of 3 and r.
3
Let f(x) = 16*x. Let z(u) = u**2 + 2*u + 2. Let k be z(-2). Let g be f(k). Calculate the highest common divisor of g and 8.
8
Let q be ((-2)/6)/((-2)/(-4 - -136)). Calculate the greatest common factor of 33 and q.
11
Suppose 2*o - 4*z - 30 = -2*z, o - 2*z - 20 = 0. Calculate the highest common factor of 10 and o.
10
Let s(g) = -g + 12. Let j be s(0). Calculate the greatest common divisor of j and 8.
4
Let l = -84 - -120. Calculate the greatest common divisor of l and 4.
4
Suppose -5*c = -5*m + 35, -4*m + 5*c - 12 = -40. Suppose -105 = -m*f + 4*f. Suppose -f + 7 = -2*k. What is the highest common divisor of 2 and k?
2
Let h(t) = 33*t**2 + t - 1. Let p be h(1). Calculate the greatest common divisor of p and 11.
11
Let i = -7 - -10. Suppose -20 = -4*c, 5*o - i*c - 79 + 4 = 0. Calculate the highest common divisor of 18 and o.
18
Let v be (((-528)/(-10))/3)/((-8)/(-40)). Let y be 2/(-3) - (-105)/9. Calculate the highest common factor of y and v.
11
Let n(b) = -b**3 + 12*b**2 + 14*b - 10. Let y be n(10). What is the greatest common divisor of y and 30?
30
Let x = 43 - 36. What is the highest common divisor of x and 28?
7
Let z(v) = v**2 + 90. Let p be z(0). Let q be 4/30 + 1480/150. What is the greatest common factor of q and p?
10
Suppose -50 = -3*g + 100. Suppose -5*u - 3*k - 44 = 0, -g = 4*u - 6*k + k. Let x be (-14)/(-5) + (-2)/u. Calculate the greatest common factor of 15 and x.
3
Suppose 4 = -2*y - 0. Let k be y/8 - 52/(-16). Calculate the greatest common factor of k and 3.
3
Suppose -2*i - 3*l - 5 = 0, 5*i - 3*i - 3*l - 13 = 0. Let f be (-3)/(i*3/(-16)). Calculate the highest common divisor of 72 and f.
8
Suppose 4*a - 2*a - 146 = -5*h, -a = -3*h - 95. Suppose 37 = l - a. Calculate the highest common divisor of 12 and l.
12
Suppose 0*t - 3*t + 15 = 0. Suppose -24 + 4 = -t*d. What is the greatest common factor of d and 2?
2
Suppose -25 = -5*r, r - 6*r = 3*a - 34. Suppose 0 = -3*i, -4*g + 2*i = -11 + a. Calculate the greatest common factor of g and 22.
2
Let s(h) = -h**2 + 4*h. Let n be s(3). Calculate the highest common divisor of n and 39.
3
Suppose -2*s + s = -15. Suppose 0 = -4*d, -2*l + 7*l - 5*d = 525. Calculate the greatest common divisor of s and l.
15
Let h = 0 - 5. Let w be (4/(-2))/(h/10). Let z(d) = -d**3 + 5*d**2 - 3*d. Let t be z(w). What is the highest common divisor of 44 and t?
4
Let b(g) = -g**2 - 4*g + 4. Let p be b(-4). Let s be ((-2)/p)/((-2)/8). Calculate the highest common divisor of 3 and s.
1
Let f(p) = -p**3 - 2*p**2 + 13*p. Let d be f(-6). What is the highest common divisor of 44 and d?
22
Suppose 8 = d + 3*d. What is the highest common divisor of d and 2?
2
Suppose 0 = -y + 2*z - 6 + 19, -3*y + 2*z = -31. Calculate the highest common factor of y and 72.
9
Let w be -6 + (-3)/3 + -1. Let l(a) = a**3 + 9*a**2 + 8*a + 6. Let k be l(w). Calculate the highest common factor of k and 15.
3
Let z be -35 + (-2)/(-2)*1. Let v = -17 - z. Calculate the highest common divisor of 85 and v.
17
Suppose 5*x + 88 = 438. What is the greatest common divisor of 14 and x?
14
Let b be (-2)/(2/2)*-6. Calculate the highest common factor of b and 4.
4
Suppose -x - 3*b = x - 25, 30 = x + 5*b. Suppose 4*h = 2*v + 76, x*v + 79 + 16 = 5*h. What is the greatest common factor of 19 and h?
19
Let y(n) = 2*n**2 + 2*n + 2. Let a be y(-1). What is the highest common factor of a and 8?
2
Let l(g) = -3*g + 47. Let b be l(7). What is the highest common divisor of b and 39?
13
Suppose -3*a + 6*a = -78. Let p = -12 - a. Let r = -1 + p. What is the greatest common divisor of r and 117?
13
Let k = 10 - 6. What is the highest common factor of 2 and k?
2
Suppose 0 = -46*w - 14*w + 180. Let o(a) = a**3 + 4*a**2 + a. Let z be o(-3). Calculate the greatest common divisor of w and z.
3
Let v(m) = 13*m. Let p be v(8). Calculate the highest common factor of 13 and p.
13
Suppose -2*b + l = -0*l - 24, -50 = -3*b - 2*l. What is the highest common divisor of 182 and b?
14
Suppose -186 = -5*i - 6. What is the highest common factor of i and 12?
12
Let f be (-1 - (0 - 21))*2. Let h = 12 - 6. Suppose k - 16 + h = 0. What is the highest common factor of f and k?
10
Suppose 2*u + 0*k - 10 = -2*k, u = -2*k. Let c be (8/(-6))/((-4)/270). Calculate the highest common divisor of c and u.
10
Let x = 3 + 5. Suppose 3*z - 4*n = 32, -3*z - n = 4*n - 14. Calculate the greatest common factor of x and z.
8
Let d(n) = -4*n - 30. Let v be d(-15). Calculate the highest common factor of 10 and v.
10
Let r be -3*(-3)/18*6. Suppose -6*p - 5*h + 5 = -p, 5*p - r*h - 29 = 0. Let g = 10 - p. What is the highest common divisor of 15 and g?
3
Let p = 80 + -47. Calculate the greatest common factor of p and 22.
11
Let i = -20 + 28. Suppose -5*h - 59 + i = -2*p, p = 3*h + 28. Let c be (-3)/6*(1 - p). Calculate the greatest common factor of 24 and c.
6
Let v(y) = y**3 + 5*y**2 - 3*y - 4. Let f be v(-4). Let r = -8 + f. What is the greatest common factor of 2 and r?
2
Suppose 5*w + 5 = 4*b - 3*b, 3*b - 27 = 3*w. Let n = 12 + b. What is the highest common divisor of n and 11?
11
Let p = 25 + -10. Let b = 21 - p. Suppose 0*c + 30 = 5*c. What is the greatest common factor of c and b?
6
Let f be 1972/20 - 2/(-5). Let y be 1 - (1 + 0 + -9). What is the highest common divisor of f and y?
9
Let s(x) = -x**2 + 20*x + 14. Let j be s(10). Let b be 1/(-1) + j/6. Calculate the greatest common divisor of 90 and b.
18
Suppose 0 = -20*w + 18*w + 78. What is the highest common divisor of w and 429?
39
Let d = 150 - 145. Calculate the highest common factor of d and 45.
5
Let u = -30 + 34. Calculate the greatest common factor of 36 and u.
4
Let q(z) = -z**2 + 9*z - 7. Let u be q(6). What is the highest common divisor of 88 and u?
11
Let p(g) = 151*g**2 - 9*g + 8. Let c be p(1). What is the highest common factor of 6 and c?
6
Suppose 50 + 50 = 2*c + 3*f, 3*c = -3*f + 153. Let n = -38 + c. Let s be (3 - (-3 + 3)) + 10 + -3. Calculate the highest common factor of s and n.
5
Suppose -7*s + 9*s - 50 = 0. What is the greatest common factor of s and 5?
5
Let h = 100 + -60. Calculate the greatest common divisor of 10 and h.
10
Suppose -3*m = -m + 4*k - 28, 3*m - 3*k = 24. Let s be (33 + 1)*(-3 + (-28)/(-8)). Let t = s - m. Calculate the greatest common divisor of 1 and t.
1
Suppose -2*r = -r - 23. Suppose z - 2*o = 9, z + z - r = -o. Suppose -2 = 2*c - 4. What is the highest common divisor of c and z?
1
Suppose 0 = 2*a - l - 14, -l = -4*a - 5*l + 28. Suppose 5*z = a*z - 12. Calculate the highest common divisor of 12 and z.
6
Suppose -7*b + 24 = -b. What is the highest common factor of b and 32?
4
Let t be (-2 - -65)*12/14. Let g be 0 + (3 - 4) - -7. Calculate the highest common factor of t and g.
6
Suppose 5*t - 48 = t. Suppose h + 0 - t = 0. Suppose 2*d - 106 - 86 = 0. What is the greatest common factor of d and h?
12
Suppose 0 = -5*